et m = -4 - 2. Let v = -1 + m. Let b(t) = -t**2 - 2156 + 1078 - 6*t + 1078. Determine b(v).
-7
Let p(j) be the third derivative of j**6/120 + j**5/20 + j**3/3 - 2*j**2. Let r = 23 - 21. Suppose 3*g = 4*i - 25, 0 = -7*i + r*i + 20. Give p(g).
2
Let j(p) = -3 - 4*p - 2 - 1 + 2. Suppose 0 = 2*z - 11 - 1. Suppose -3*i = -i + z. Determine j(i).
8
Let a(u) be the second derivative of -u**6/360 - u**5/15 + 11*u**4/24 + 2*u**3/3 - 9*u. Let n(z) be the second derivative of a(z). Determine n(-8).
11
Let v(h) = h**3 + 4*h**2 + 3*h. Let m = -38 - -52. Suppose 12 = 8*w - m*w. Calculate v(w).
2
Let c(n) be the first derivative of n**4/2 - 3*n**3 + 3*n**2/2 + n - 234. Determine c(4).
-3
Let d be (-3)/(5/(-2) - -1). Suppose -5*f - j + 10 = -d*j, 5*f = 3*j. Let w be (3 + 1)/4 + f. Let u(c) = c - 3. Calculate u(w).
1
Let g be -1 - 1 - (-12 - 11). Let p be 154/g + (-2)/6. Let y(h) = 2*h + 2*h**2 - h**3 + 3*h - p*h**2 - 4. Determine y(-6).
2
Let x(n) = -7*n**2 - n + 14. Let o(q) = q**2 - 2. Let z(m) = 6*o(m) + x(m). Calculate z(0).
2
Let u be ((42/9)/7)/(3/9). Let i(f) = 4*f + 3*f - 3 - 4*f. Let l(j) = -13*j + 13. Let g(k) = -9*i(k) - 2*l(k). Calculate g(u).
-1
Let f = 19 - 17. Let x(s) = -f*s**2 + 760*s - 760*s - s**3 - 3. Suppose 3*m + k = 4*k - 18, -m - 12 = -3*k. What is x(m)?
6
Let z(c) = -4*c - 3*c - 2 + 3*c. Let p be ((-14)/4)/(1/2). Let a be (-5 - 1)*p/(-21). What is z(a)?
6
Let t = -10 + 15. Suppose -2*d + t*n + 3 = 28, 2*n = -5*d + 10. Let b(o) = -2*o**2 + o**2 + o + d*o**2 + 0 + 1. Calculate b(-1).
-1
Let g(u) = u**3 - 2*u**2 - 4*u + 3. Suppose -6*q + 31 = 7. Determine g(q).
19
Suppose 2*p + 0*p - 14 = 0. Suppose p*t = 3 - 31. Let m(u) = -2*u + 3. Determine m(t).
11
Let g(u) = -5*u - 3. Let m(r) = -8 - 5*r - 5*r + 0*r - 4*r. Let z be 1 + 1 - (9 + 4). Let v(c) = z*g(c) + 4*m(c). Give v(-7).
8
Let q = -733 + 736. Let m(u) = 4*u - 7. Determine m(q).
5
Let k(a) = -a**2 + a. Let h(u) = 2*u**2 - 28*u + 99. Let c be h(6). Determine k(c).
-6
Let z(u) = u**2 - 3*u - 5. Suppose 83 - 93 = -2*p. Determine z(p).
5
Suppose -v = -8*v + 21. Suppose -14 = 3*q - q + 4*p, -q + 18 = -v*p. Let k(d) = 3*d**2 - 5*d + 4. What is k(q)?
16
Let p(d) = -d**3 - d**2 + d + 2. Let x(l) = 6*l**3 + l**2 - 8*l - 11. Let b(h) = 7*p(h) + x(h). Suppose -w + 16 - 1 = -3*r, -4*r - 30 = 2*w. What is b(r)?
9
Let z(d) = -d**2 + 19*d - 38. Let j = 11 + 6. Let b be z(j). Let t(r) be the first derivative of r**3/3 + 3*r**2/2 - 1. Determine t(b).
4
Let c(y) = -y + 10. Let i be c(6). Suppose -5*u = -i*q + 7, -4*u - q - 2 = -9. Let r(v) = -2*v - 1 + 3*v + 2*v. Calculate r(u).
2
Let t(a) = -a**2 + a + 14. Suppose -33*j + 1 = 1. What is t(j)?
14
Let t(z) = -23*z - 97. Let a(y) = -7*y - 32. Let n(b) = 10*a(b) - 3*t(b). Give n(-13).
-16
Let u be (-24)/10*(3 - 87/9). Suppose -3*x - u + 1 = 0. Let i(s) = 4*s**2 + 9 + 2*s**2 - 4 + s**3 + 6*s. Determine i(x).
0
Let v(b) = 2*b**2 - b**3 + 2*b - 5*b - 7 - 2*b + 4*b**2. Let q = -2 - -1. Let k = q + 6. Give v(k).
-7
Let q(j) = 3*j + 1. Let b(h) be the first derivative of -h**3/3 - 2*h**2 - h - 27. Let c(f) = -3*b(f) - 4*q(f). Give c(-1).
2
Let n(s) = -10 + 10 - 3*s**2 + 2*s**2. Let p(c) = 11*c**2 + c + 1. Let z(y) = -4*n(y) - p(y). Determine z(-1).
-7
Suppose -33*o = -2*a - 37*o - 16, 4*a + o - 10 = 0. Let s(l) be the first derivative of -5*l + 1 - 5/3*l**3 + 1/4*l**4 + 5/2*l**2. Give s(a).
-1
Let y(d) be the third derivative of d**9/60480 - d**8/4032 + d**7/1680 + d**6/360 + d**5/10 + 10*d**2. Let u(h) be the third derivative of y(h). Determine u(3).
-7
Let x(f) be the second derivative of -f**8/6720 + f**7/360 - f**6/144 - f**5/60 - 11*f**4/6 - f - 14. Let u(t) be the third derivative of x(t). What is u(6)?
4
Let r(q) = q + 6. Let g be r(10). Let p(s) = -s + 2 + 3*s - g*s**2 - 3*s + 17*s**2. Calculate p(-2).
8
Let b(j) = 150*j. Let z(g) = -87*g. Let m(l) = 7*b(l) + 12*z(l). Let a(t) = t - 1. Let v be a(0). Let d be (2/(-4))/(v/(-2)). Determine m(d).
-6
Let b(t) = -5*t**2 + 9*t - 2. Let z(s) = 14*s**2 - 27*s + 7. Let g(q) = -17*b(q) - 6*z(q). Let c be (3 + -2)*(-21)/7 + -7. What is g(c)?
2
Let l(h) = -h**3 + 5*h**2 + h + 1. Let b(a) = -2*a**2 + 30*a - 95. Let m be b(5). Give l(m).
6
Let q(h) = -h**2 + 11*h + 8. Let m be q(11). Let j(s) = -12*s + s - m + 12*s. What is j(8)?
0
Let b(n) be the third derivative of n**6/120 - n**5/20 + n**4/24 - n**3/2 + n**2. Suppose 19*h - 312 = -50*h - 35*h. Give b(h).
0
Let k(r) be the third derivative of -r**4/24 + r**3 - r**2. Let g = -152 + 155. Let j be 15/g - 6/(-6). Determine k(j).
0
Let u = 29 - 14. Let x(s) = 7*s. Let h be x(0). Suppose 0 = -j + 3*v + u, h = j - 2*j + 5*v + 21. Let w(k) = 2*k - 3. Determine w(j).
9
Let m(n) = n - 13. Let l = 50 + -35. Let p = -6 + l. Calculate m(p).
-4
Suppose h = 2*h - 6. Suppose -q = 4*p + 4*q - 860, 0 = -3*p - 4*q + 644. Let w(n) = 222*n - 3 - p*n - 1. Determine w(h).
8
Let r(s) = 25 - 70*s + 2*s**2 - 23 + 70*s. Determine r(-5).
52
Let y = 58 + -54. Let j(i) = -18 - 2*i**2 + 3*i**2 + 13 - 4*i + 0*i. Determine j(y).
-5
Let v(i) = -3*i + 5*i - 4*i. Let b be -3 + 0 + 5 - (-39)/3. Suppose 2*m - o = -3*o - 8, -5*o = b. Calculate v(m).
2
Let h(s) be the third derivative of s**6/120 + s**5/15 - s**4/4 + 11*s**3/6 + 258*s**2. Determine h(-5).
16
Let r(y) = -4*y**2 - 24*y - 15. Let c be r(-5). Let k(s) = 4*s + 14. Let u(a) = 2*a + 7. Let d(q) = -2*k(q) + 5*u(q). Calculate d(c).
17
Let k(r) = r**3 + 7*r**2 + 7*r - 3. Let d be 19 + (-1)/(1/(-2)). Let j be (-7)/(d/66) - 1. Let y = 17 + j. Determine k(y).
-9
Let c(f) be the third derivative of f**4/24 + f**3/2 + 4*f**2. Calculate c(-6).
-3
Let z(s) = -s**3 - 7*s**2 + 4*s + 6. Suppose 31 - 41 = 2*o. Let q(c) be the first derivative of c**3/3 - c + 2. Let v(w) = o*q(w) - z(w). Determine v(-3).
2
Let c = 461 - 465. Let u(r) = 2*r**2 + 2*r - 3. Give u(c).
21
Suppose 2*g = g + 4. Let t(i) be the second derivative of i**3/3 - 2*i**2 - 4*i. Determine t(g).
4
Let h be (-14)/(-7) + (2/1)/2. Suppose h*v = 3*n + 15, -n - 7 = v - 3*v. Let s(d) = -6*d**2 + 2*d + 1. Give s(v).
-19
Let z(h) = -39*h**3 + 40*h**3 + 0 - 17. Determine z(0).
-17
Let j(o) = -o**3 + 8*o**2 - 6*o - 2. Suppose 4*k = 4*w - 44, 0 = -5*w - 5*k + 15. Calculate j(w).
5
Suppose 2*j + 11*i - 10 = 15*i, 9 = 5*j - 2*i. Let k(m) = -5*m**2 + 2*m - 1 + m + 4*m**2. Calculate k(j).
1
Suppose 0 = -2*f + 8, -3*h - f - 16 = -8. Let z(t) = 6*t + 25. Determine z(h).
1
Let r(v) = 2*v. Let p(a) = -a + 14. Let q be p(9). Let s(l) = -6 + 10 - q. Let g(h) = r(h) - 5*s(h). Calculate g(-6).
-7
Let k(n) be the first derivative of -n**6/180 - n**5/20 - 5*n**4/24 - n**3/3 + 2. Let t(w) be the third derivative of k(w). Let q = 4 + -8. Calculate t(q).
-13
Let s(p) = 11*p**2 + 4. Let y(n) = 32*n**2 + 11. Let v be (18/4 - 3)*2. Let k(h) = v*y(h) - 8*s(h). What is k(1)?
9
Let s(w) = 7*w**2 - 2*w - 3. Suppose -31*v = -87 - 6. Determine s(v).
54
Let w(j) = j + 2. Let p be 4 - (1 - (0 - -1)). Give w(p).
6
Let v(s) = 2*s + 2. Let w(q) = q + 1. Let o(i) = -6*v(i) + 13*w(i). Suppose 5*m = 14 - 4. Suppose m*f + 3*h + 3 = -0*f, 5*h + 5 = f. Give o(f).
1
Let d(k) = 5*k**2 + 18*k - 16. Let v(z) be the third derivative of -z**5/60 - z**4/24 + 2*z**2. Let a(y) = -d(y) - 6*v(y). Calculate a(11).
5
Let x(u) = 5*u**2 + 410*u + 7. Let l be x(-82). Let v(y) = y**2 + 5*y - 1. Give v(l).
83
Let b(h) = h**3 - h**2 + 2*h - 9. Let d(p) = -31*p + 651. Let k be d(21). What is b(k)?
-9
Let b(j) be the second derivative of -j**4/6 + j**3 + 9*j**2/2 + 11*j + 12. Determine b(5).
-11
Let a = -15 - -14. Let z(p) = -2*p - 1. What is z(a)?
1
Let x be (-5)/((-140)/144) + (-2)/14. Let j(o) = o - 6. Calculate j(x).
-1
Let l(q) = q**2 + 3*q - 14. Let u = -727 + 721. What is l(u)?
4
Let n(v) = -v + 1. Let i(q) = 3. Let m(d) = -i(d) - n(d). Let f = -324 + 330. Determine m(f).
2
Suppose -5*n + 0*n = -15. Let m = 10 + -5. Suppose 3*t - m*j = -24, -4*t + n*j = -0*j + 21. Let f(w) = w**2 + w + 1. What is f(t)?
7
Let m(w) = w**2 + 8*w - 11. Suppose 0 = p - 3*a - 95, p + 5*a - 6*a - 89 = 0. Let n = p - 94. What is m(n)?
-11
Let b(p) = -p. Let k(n) = -5*n - 2. Let z(i) = 6*b(i) - k(i). Suppose -13*t - 2*o - 20 = -10*t, -o + 8 = -3*t. What is z(t)?
6
Let q be (0 - -1)*(8 - 12)*4. Let g(z) = z**2 + 16*z + 2. Give g(q).
2
Let d(s) = -s**2 + 3*s + 8. Let h = 145 